ime number?
False
Let g(t) = t**3 + 2*t**2 + 2*t + 1. Let h be g(-1). Let i(s) = -s**3 - 2*s**2 - 107. Let o be i(h). Is 2/((-2)/o) + -1 composite?
True
Suppose -2*l + 54 = 2*l - 2*o, -4*l + 5*o + 63 = 0. Suppose l + 2 = 7*i. Suppose j + i*x - 1557 = 0, -5*x + x = 5*j - 7797. Is j prime?
False
Suppose 5950 = -4*r + 50162. Is r a prime number?
False
Let m(c) = 34*c**2 - 6*c + 5. Let s be m(-4). Suppose -g - 1299 = -5*y, 0 = -2*y + 5*g + s - 35. Is y prime?
False
Let w(v) = v + 10. Let k be w(-3). Suppose -k*t + 1276 = -3*t. Is t a prime number?
False
Let w = 451 + 268. Is w a prime number?
True
Suppose 5*w + 1176 = -2*p, 1738 = -2*p - p - w. Let j = p - -912. Is j prime?
False
Let s = -2817 - -4976. Is s a prime number?
False
Let h(o) = 1772*o + 55. Is h(3) prime?
False
Let w = -54 - -60. Is (-95564)/(-42)*w/4 a prime number?
True
Let x = 10222 - -273. Is x prime?
False
Let s = -1 + 1. Let a(o) = 2*o + 29. Let b(x) = 2*x + 31. Let i(g) = 6*a(g) - 5*b(g). Is i(s) a prime number?
True
Is 314210/26 + 2*-2 a composite number?
True
Is -1*(-919 + (2 - 2)) composite?
False
Suppose 4*b = -c + 17581 + 7174, -5*c + 2*b + 123819 = 0. Is c a composite number?
False
Let o(c) = 16*c**3 + 6*c**2 - 35*c + 44. Is o(13) prime?
False
Let q(u) = u**3 + 17*u**2 - u - 8. Let a be q(-17). Suppose -2*l = h - 5, -h + 3*l - 1 = a. Is h/5 + 4137/35 a composite number?
True
Let a be -1 + -4 + 5 - -1337. Suppose -l - 4*w + a = 0, 5*w + 166 + 3896 = 3*l. Is l prime?
False
Suppose -j + 8 = 1. Suppose -f + 6 = -j. Suppose -2*o = y - 6, f = 4*y + 4*o - 27. Is y a composite number?
True
Let m = 1907 + -1164. Is m prime?
True
Suppose 24650 = 4*m + 2*v, 2*v = -m + 8363 - 2202. Is m prime?
True
Is ((-42)/(-63))/((-4)/(-206634)) a composite number?
False
Suppose 7*d + 954 = 10*d. Suppose -1233 = -4*b - o, 0*b + 3*o = b - d. Is b composite?
True
Suppose -6 = -3*y - u + 1, -y + 11 = -4*u. Suppose 2*n - 3*n - 1 = 0, 0 = -2*q - y*n + 1667. Is q a prime number?
False
Let i = 18 + -13. Let m be (-2)/i + (-22)/(-5). Suppose -5*s + 55 = -4*x, -3*s + 30 = x - m*x. Is s composite?
True
Let y(g) = -g**3 - 4*g**2 - 5*g - 3. Let k be y(-3). Suppose 2*q - 346 = 4*h + h, k*h + 692 = 4*q. Suppose 703 = 2*z + q. Is z a composite number?
True
Let z(x) = 26*x - 5. Let i be z(-15). Let k = i - -918. Is k composite?
False
Suppose 87 = 3*y - 135. Is y a composite number?
True
Let i be (-4)/(-14) + (-48)/21. Is ((-1)/i)/((-8)/(-1552)) prime?
True
Is (716/(-10))/(((-182)/(-35))/(-13)) composite?
False
Let d be (-12)/(-7) - (-22)/77. Let k(h) = -h**2 + 2*h. Let v be k(d). Suppose v = -3*b - 5*r + 451, -4*r - 322 = -2*b - 2*r. Is b prime?
True
Suppose -2*x = 2*g - 428, 3*x + 660 = 4*g - 210. Let p = 283 + g. Is p prime?
True
Let m be (-6)/9 - (-287)/21. Suppose 9*g + 1012 = m*g. Is g a prime number?
False
Let p(m) = -83*m + 7. Let n be p(-5). Let b = n + 231. Is b prime?
True
Suppose -6676 = -4*x - n, x + 4*n - 6*n - 1678 = 0. Let y = 2339 - x. Is y a composite number?
True
Let g = 18 - 16. Suppose 11 = g*j + 75. Let v = j - -535. Is v prime?
True
Let s(i) = -4*i**3 - 2*i**2 - i + 2. Let w(n) = -9*n**3 - 5*n**2 - 2*n + 5. Let b(q) = -7*s(q) + 3*w(q). Let h be b(2). Is h/21*997*3 a prime number?
True
Let l(i) = i - 10. Let j be l(-7). Let b = -131 + 29. Is j/(b/33 - -3) prime?
False
Let z = 8 - 5. Suppose 3*t - z*m = -t + 1956, t + 4*m - 489 = 0. Suppose 5*r - 8*r + t = 0. Is r a prime number?
True
Suppose 0 = -5*g - 25, 6*n = 4*n + 4*g + 5002. Is n a prime number?
False
Suppose 14 = 3*p - 2*d - 2, 5*p = -4*d + 12. Let j be (p + -5)/(2/(-4)). Suppose -n + 505 = -7*b + 2*b, j*n = -5*b + 1010. Is n prime?
False
Let j be (-4)/6*(-27)/(-6). Is (-18)/6*97/j prime?
True
Is (5 + -6)*641/(-1) prime?
True
Suppose -264 = 4*o - 256. Let b(m) = 66*m**3 - 5*m**2 - 11*m + 9. Let q(s) = -33*s**3 + 2*s**2 + 5*s - 4. Let z(d) = 4*b(d) + 9*q(d). Is z(o) prime?
False
Suppose -s = -2*s + 21. Let m = 620 - s. Suppose -3*i - 450 = -3*r, r + 3*i = 5*r - m. Is r a prime number?
True
Let x = 33 - 22. Let k = x - 0. Suppose k*a - 15*a + 364 = 0. Is a a prime number?
False
Let g = 18 + -16. Let h(k) = 5*k + 11 - g*k**2 + 5*k**2 - 2*k**2 - 18. Is h(7) prime?
False
Is 1/3 + 206370/135 a composite number?
True
Let g = 1490 - -159. Suppose 0 = 5*f - 4*m - g, -3*f + 983 = 7*m - 3*m. Is f a prime number?
False
Suppose -3*t + 8*t - 35 = 0. Let h(k) = k**3 - 6*k**2 + 9*k + 6. Is h(t) prime?
False
Is (-68999)/(-5) + (-12)/15 a composite number?
False
Suppose -9*b = -6*b + 4*z - 19513, b - 6495 = z. Is b prime?
False
Let n(u) = -2*u**2 + 228*u - 143. Is n(66) composite?
True
Let p = -3 - -6. Suppose l + 3 = -2*w, 3*w = -w - p*l - 7. Is 2 + 6*7 + w a composite number?
False
Let o be (-20)/(-4) + -2 - 1. Suppose 40 = o*d - 42. Suppose -12 = -r + d. Is r composite?
False
Let o = 7381 + -3620. Is o a composite number?
False
Let p(x) = -121*x - 30. Let i be p(-3). Suppose 13240 = 7*t - i. Is t a prime number?
False
Let g(j) = -j**2 - 9. Let n be g(9). Let r(t) = -2*t**3 + 5*t**2 - 6*t - 6. Let h be r(5). Let s = n - h. Is s a prime number?
True
Suppose 4*n = -2*a - 42, -4*a = 5*n - 20 + 80. Is n/(-6) - (-29770)/6 a composite number?
True
Suppose 6*b - 60 = 3*b. Is (-553)/(-3) - b/(-30) a prime number?
False
Let p(x) = -x + 1. Let l(k) = -79*k - 4. Let a(z) = -l(z) - 5*p(z). Let q(s) = 3*s - 1. Let w be q(2). Is a(w) composite?
False
Let a be (11 + -9)/(1/1). Suppose -3*l = -1 - 14, 3*d - 68 = a*l. Suppose 3*j - 43 = -3*u + d, -3*j + 19 = u. Is u prime?
False
Let n(k) = 5*k - 2. Let l be n(1). Let i be (-585)/l - 1 - 3. Is 2 - (i - (-2)/(-2)) a prime number?
False
Let x = -25 - -33. Let p(a) = a**3 - 6*a**2 - 4*a - 17. Is p(x) prime?
True
Let j be ((-958)/1 - 0) + -3 + -1. Let y = 1431 + j. Is y a composite number?
True
Let n(u) = -2*u - 12. Let g be n(-7). Suppose -w + 472 = 2*i, 0 = 5*i - g*w + 3*w - 1174. Suppose 3*p = 3*z + i, -4*p + 296 + 61 = 5*z. Is p a composite number?
False
Suppose 0 = 6*a - 3*a - 243. Let p = a - 42. Is p a composite number?
True
Let k(y) = 17*y**2 + 10*y + 7. Is k(-14) a prime number?
False
Let m = 13 - 2. Suppose -3*o + m*o = 2968. Is o a composite number?
True
Let l = 54 - 2. Let n = l + 621. Is n prime?
True
Let k = 4504 + -267. Is k composite?
True
Suppose -4*m = -4*h - 88, -3*h + 53 = 4*m - 0*h. Let w = -219 - -319. Suppose w - m = r. Is r prime?
True
Let c = 42 - 38. Suppose -8*z - c*z + 8940 = 0. Is z a prime number?
False
Suppose -a - 1177 = -16148. Is a composite?
True
Let n(q) = -11 + 25*q**2 + 31*q**2 + 8*q - 9*q**2 - 10*q**2. Is n(6) composite?
True
Suppose 28*g - 525816 = -123428. Is g composite?
True
Let h(g) = -g**3 - 4*g**2 - 2*g - 6. Let p be h(-4). Suppose p*z = -2*z. Is 1 + z - (-1 - 8) a prime number?
False
Let y be (1 - (-10)/1) + -1. Suppose 340 = 14*n - y*n. Is n a composite number?
True
Let u = 319 + -26. Is u a composite number?
False
Let j(i) = i**2 + 21*i + 5. Let n(c) = c. Let p(h) = j(h) - 6*n(h). Let y be p(-15). Suppose -y*u = -2*t + 4*t - 113, -117 = -5*u + 2*t. Is u prime?
True
Let o(g) = g**3 - 12*g**2 - 16*g + 58. Is o(21) composite?
False
Let x(o) = 6*o**2 + 29. Suppose -4*i - 38 = -2*n, -4*n + i + 41 = -0*i. Let r(c) = 3*c**2 + 14. Let t(g) = n*r(g) - 4*x(g). Is t(5) prime?
False
Is 1/4*(-79364)/(-1) prime?
True
Let j(w) = -15*w**3 - w**2 - 14*w - 3. Let p(g) = 22*g**3 + g**2 + 22*g + 5. Let t(x) = -8*j(x) - 5*p(x). Let o = -10 - -14. Is t(o) composite?
True
Suppose -614*w = -622*w + 80296. Is w a composite number?
False
Let x(c) = 49*c - 22. Let u(a) = -a - 1. Let v(q) = -3*u(q) + x(q). Suppose -25*n + 30 = 4*l - 27*n, 4*l - 5*n = 21. Is v(l) prime?
True
Let x(l) = 10*l - 21*l + 6*l + 12 + 178*l**2. Is x(-5) a prime number?
False
Suppose 6*r - 3*r = 3*m + 12, 3*r = 2*m + 11. Suppose l = r*j + 154, -5*l - j + 756 = -62. Is l prime?
True
Suppose 5*z - 3*c - 4261 = 0, 0 = -z - 0*c + 4*c + 859. Let p = z - 157. Is p a prime number?
False
Suppose 0 = -20*j + 1142264 - 426124. Is j a composite number?
True
Let b(f) = 190*f**2 + 4*f + 81. Is b(10) composite?
False
Let d(b) = -2*b**3 + 36*b**2 + 8*b + 7. Is d(15) a composite number?
True
Let k be (-786)/9*(-153)/(-6). Let o = k - -3986. Is o prime?
True
Let x be 2/3 - 454/6. Let n = x + 154. Is n a composite number?
False
Suppose -1580 =